f 25163?
25163
What are the prime factors of 274?
2, 137
What are the prime factors of 44199?
3, 1637
What are the prime factors of 1624?
2, 7, 29
List the prime factors of 5403.
3, 1801
List the prime factors of 2327.
13, 179
List the prime factors of 1027.
13, 79
What are the prime factors of 46990?
2, 5, 37, 127
What are the prime factors of 838?
2, 419
List the prime factors of 3598.
2, 7, 257
What are the prime factors of 26829?
3, 11, 271
List the prime factors of 57030.
2, 3, 5, 1901
List the prime factors of 6732.
2, 3, 11, 17
List the prime factors of 14641.
11
What are the prime factors of 2843?
2843
List the prime factors of 1180.
2, 5, 59
List the prime factors of 17140.
2, 5, 857
List the prime factors of 19291.
101, 191
What are the prime factors of 91590?
2, 3, 5, 43, 71
List the prime factors of 1520.
2, 5, 19
What are the prime factors of 1124?
2, 281
List the prime factors of 132962.
2, 19, 3499
List the prime factors of 1698.
2, 3, 283
What are the prime factors of 33979?
11, 3089
What are the prime factors of 14185?
5, 2837
What are the prime factors of 180?
2, 3, 5
List the prime factors of 2445.
3, 5, 163
List the prime factors of 3491.
3491
What are the prime factors of 4643?
4643
What are the prime factors of 1257?
3, 419
List the prime factors of 26111.
26111
What are the prime factors of 3011?
3011
What are the prime factors of 4633?
41, 113
List the prime factors of 47308.
2, 11827
What are the prime factors of 741?
3, 13, 19
What are the prime factors of 384?
2, 3
List the prime factors of 1481.
1481
What are the prime factors of 6944?
2, 7, 31
List the prime factors of 448.
2, 7
List the prime factors of 391.
17, 23
List the prime factors of 66.
2, 3, 11
What are the prime factors of 1223?
1223
What are the prime factors of 9935?
5, 1987
What are the prime factors of 857?
857
What are the prime factors of 33399?
3, 1237
List the prime factors of 6699.
3, 7, 11, 29
List the prime factors of 1855.
5, 7, 53
What are the prime factors of 1097?
1097
List the prime factors of 643.
643
List the prime factors of 137237.
19, 31, 233
List the prime factors of 49894.
2, 13, 19, 101
What are the prime factors of 9046?
2, 4523
List the prime factors of 4062.
2, 3, 677
What are the prime factors of 27756?
2, 3, 257
What are the prime factors of 45981?
3, 13, 131
List the prime factors of 11345.
5, 2269
List the prime factors of 2418.
2, 3, 13, 31
What are the prime factors of 6549?
3, 37, 59
What are the prime factors of 1363?
29, 47
What are the prime factors of 3320?
2, 5, 83
List the prime factors of 1896.
2, 3, 79
What are the prime factors of 125827?
13, 9679
List the prime factors of 12194.
2, 7, 13, 67
What are the prime factors of 120905?
5, 24181
List the prime factors of 4371.
3, 31, 47
What are the prime factors of 910?
2, 5, 7, 13
What are the prime factors of 2681?
7, 383
What are the prime factors of 1012?
2, 11, 23
What are the prime factors of 33706?
2, 19, 887
What are the prime factors of 6753?
3, 2251
List the prime factors of 7424.
2, 29
List the prime factors of 1051.
1051
List the prime factors of 28733.
59, 487
What are the prime factors of 727?
727
List the prime factors of 109100.
2, 5, 1091
List the prime factors of 979.
11, 89
List the prime factors of 1899.
3, 211
List the prime factors of 8822.
2, 11, 401
What are the prime factors of 2950?
2, 5, 59
List the prime factors of 2212.
2, 7, 79
What are the prime factors of 3520?
2, 5, 11
What are the prime factors of 6336?
2, 3, 11
List the prime factors of 10360.
2, 5, 7, 37
List the prime factors of 23855.
5, 13, 367
List the prime factors of 11242.
2, 7, 11, 73
List the prime factors of 7891.
13, 607
List the prime factors of 47155.
5, 9431
What are the prime factors of 1947?
3, 11, 59
List the prime factors of 6409.
13, 17, 29
List the prime factors of 5301.
3, 19, 31
List the prime factors of 53951.
53951
List the prime factors of 3661.
7, 523
List the prime factors of 10457.
10457
List the prime factors of 108724.
2, 7, 11, 353
What are the prime factors of 8067?
3, 2689
List the prime factors of 16492.
2, 7, 19, 31
List the prime factors of 59309.
127, 467
What are the prime factors of 30867?
3, 10289
What are the prime factors of 12475?
5, 499
What are the prime factors of 4078?
2, 2039
List the prime factors of 15750.
2, 3, 5, 7
What are the prime factors of 130184?
2, 16273
What are the prime factors of 2111?
2111
What are the prime factors of 190184?
2, 23773
List the prime factors of 35028.
2, 3, 7, 139
List the prime factors of 692.
2, 173
List the prime factors of 1353.
3, 11, 41
List the prime factors of 58101.
3, 107, 181
What are the prime factors of 85289?
17, 29, 173
What are the prime factors of 796?
2, 199
What are the prime factors of 731?
17, 43
List the prime factors of 34798.
2, 127, 137
What are the prime factors of 2707?
2707
What are the prime factors of 4847?
37, 131
List the prime factors of 11396.
2, 7, 11, 37
What are the prime factors of 26062?
2, 83, 157
List the prime factors of 141.
3, 47
What are the prime factors of 149464?
2, 7, 17, 157
What are the prime factors of 8678?
2, 4339
List the prime factors of 1298.
2, 11, 59
What are the prime factors of 1587?
3, 23
What are the prime factors of 1402?
2, 701
What are the prime factors of 96536?
2, 11, 1097
List the prime factors of 1249.
1249
List the prime factors of 35681.
31, 1151
List the prime factors of 14753.
14753
What are the prime factors of 296?
2, 37
List the prime factors of 41469.
3, 23, 601
List the prime factors of 51486.
2, 3, 8581
List the prime factors of 24240.
2, 3, 5, 101
What are the prime factors of 1781?
13, 137
What are the prime factors of 14864?
2, 929
List the prime factors of 3222.
2, 3, 179
List the prime factors of 91899.
3, 10211
List the prime factors of 2119.
13, 163
What are the prime factors of 21605?
5, 29, 149
List the prime factors of 3324.
2, 3, 277
List the prime factors of 2188.
2, 547
What are the prime factors of 2349?
3, 29
What are the prime factors of 1372?
2, 7
List the prime factors of 3783.
3, 13, 97
What are the prime factors of 1411?
17, 83
List the prime factors of 15320.
2, 5, 383
What are the prime factors of 4352?
2, 17
List the prime factors of 36175.
5, 1447
List the prime factors of 20811.
3, 7, 991
List the prime factors of 3763.
53, 71
What are the prime factors of 38446?
2, 47, 409
What are the prime factors of 6241?
79
List the prime factors of 13188.
2, 3, 7, 157
List the prime factors of 1231.
1231
List the prime factors of 6765.
3, 5, 11, 41
List the prime factors of 152898.
2, 3, 17, 1499
List the prime factors of 3372.
2, 3, 281
What are the prime factors of 8759?
19, 461
List the prime factors of 10359.
3, 1151
What are the prime factors of 47839?
11, 4349
List the prime factors of 6724.
2, 41
List the prime factors of 67199.
11, 41, 149
What are the prime factors of 94165?
5, 37, 509
List the prime factors of 10543.
13, 811
List the prime factors of 20851.
29, 719
List the prime factors of 747.
3, 83
What are the prime factors of 681?
3, 227
What are the prime factors of 82197?
3, 9133
What are the prime factors of 108693?
3, 13, 929
What are the prime factors of 67749?
3, 11, 2053
List the prime factors of 773.
773
What are the prime factors of 17139?
3, 29, 197
What are the prime factors of 3014?
2, 11, 137
List the prime factors of 12833.
41, 313
List the prime factors of 860.
2, 5, 43
List the prime factors of 132511.
132511
What are the prime factors of 6919?
11, 17, 37
List the prime factors of 9729.
3, 23, 47
List the prime factors of 13641.
3, 4547
What are the prime factors of 841?
29
What are the prime factors of 132288?
2, 3, 13, 53
List the prime factors of 5042.
2, 2521
List the prime factors of 1053.
3, 13
What are the prime factors of 6385?
5, 1277
What are the prime factors of 13054?
2, 61, 107
List the prime factors of 107715.
3, 5, 43, 167
What are the prime factors of 973?
7, 139
List the prime factors of 50158.
2, 31, 809
List the prime factors of 88662.
2, 3, 7, 2111
List the prime factors of 736.
2, 23
List the prime factors of 28652.
2, 13, 19, 29
What are the prime factors of 5552?
2, 347
List the prime factors of 4102.
2, 7, 293
What are the prime factors of 108924?
2, 3